 is the tens digit of 2 + 0 - (n + -29)?
1
Suppose -2*t - 3*z + 1 = 0, -t - 6*z = -5*z - 1. Let s(k) = -k - 1. Let w be s(t). What is the units digit of -32*w/6 - -2?
8
Let m = -43 + 51. Let d(z) = -z**3 + 8*z**2 + 16*z - 1. What is the hundreds digit of d(m)?
1
What is the hundreds digit of (36/30)/((-5)/(-14400))?
4
Suppose -35*v = -48941 + 1096. What is the hundreds digit of v?
3
Let t be (2*-5)/(-2) + -1. What is the units digit of (-6)/t + 250/20?
1
Let r(u) = u**3 + 62. Suppose f = 6*f. Let z be r(f). Suppose 2*x - z = -0*x. What is the units digit of x?
1
Suppose 2466 = -13*t + 8576. What is the tens digit of t?
7
Let b be (-1)/5*2350/(-10). Suppose -5*o = 2*d - 166, 4*d + d - b = -o. What is the units digit of o?
2
Let b(x) be the third derivative of 0*x - 1/120*x**6 + 1/20*x**5 + 4*x**2 + 0*x**4 + 0 + 1/6*x**3. What is the units digit of b(3)?
1
Suppose 4*x + 556 = 8*x - 4*y, 0 = 2*x + 3*y - 253. Let g = x - 53. Let c = g + -55. What is the units digit of c?
6
Suppose -3*v - 24*k + 2712 = -28*k, 5*v + 5*k = 4485. What is the tens digit of v?
0
Let v(l) = -l**2 + 14*l - 3. Suppose -15 = 3*x - 4*x - 3*p, 3*x - 33 = 3*p. Let b be v(x). Let q = b + -10. What is the tens digit of q?
1
Let s be 195/(-60) + (-1)/(-4). Let w be 24/9 - (-2)/s. Suppose -5*d = -w*d - 141. What is the units digit of d?
7
Suppose -6*k + 5*u + 1286 = -2*k, -5*u - 10 = 0. Suppose -3*m + 229 = -2*v - k, -200 = -m + 5*v. What is the units digit of m?
0
Suppose -2*j = -20 - 0. Suppose 345 = 5*f + j. Suppose -2*a = -a - f. What is the tens digit of a?
6
Let h be 1*-1 + 725 + -10. Let o be h/(-36) + (-1)/6. What is the units digit of o*-6*(-4)/(-30)?
6
Suppose -16*h + 46 = -14*h. Let x = h - 21. Suppose i + 56 = 2*i - 2*s, -2*i + x*s = -106. What is the units digit of i?
0
Let h be (1/3)/((-3)/9)*5. What is the tens digit of (372/2)/((-10)/h)?
9
Let n = -19 + 22. Suppose 2*j = -3*w + 55, -4*w + 0*j + n*j + 45 = 0. What is the tens digit of w?
1
Let l(i) = -i**2 + 11*i + 16. Let c be l(12). What is the units digit of c/(-12) + 176/6?
9
What is the hundreds digit of 1685*(17/10 + 21/(-14))?
3
Suppose 5*w - 12 = -2. Suppose -w*n + t + 277 = 0, n + 51 = 5*t + 167. What is the tens digit of n?
4
Let u(o) = o**2 + 3*o - 1. Let v be u(-4). Suppose 0 = v*x - 11 - 10. Suppose x*m = 3*m + 76. What is the tens digit of m?
1
Let d = -55 - -39. Let k(l) = l**2 + 15*l + 7. What is the tens digit of k(d)?
2
Let x = 25 - 15. What is the tens digit of (-25)/x*(-124 + -2)/3?
0
Let h be ((-226)/(-6))/(2/24). Suppose -i - h = -5*i. What is the units digit of i?
3
What is the hundreds digit of -5 + 6/12*442?
2
Suppose 71 - 7 = 3*q - 2*t, -2*t + 96 = 5*q. Suppose -b + 15 + q = 2*p, -p = 5*b - 148. What is the units digit of b?
9
Suppose 4*k + 5*r + 5 = 0, 0 = k + 4*k + 4*r + 4. Suppose 3*a - 3*z = -2*z + 410, -z - 2 = k. What is the hundreds digit of a?
1
What is the units digit of 0 - 9 - -1 - -186?
8
Let t be 2/(-13) - (-28)/13. Suppose t*p - 283 + 51 = 0. Suppose 3*x = -x + p. What is the tens digit of x?
2
Let f(l) = 13*l**2 - 16*l + 42. What is the hundreds digit of f(9)?
9
Let h(n) = -3*n + 5*n + 28 + 21. What is the tens digit of h(0)?
4
Suppose i + 2*t - 17 = 0, 3*i = -t - 3*t + 47. Suppose -9*x = -i*x + 760. What is the units digit of x?
0
Let u(g) = -4*g + 4. Let f be u(-4). Suppose -f = -n - 3. What is the units digit of n?
7
Suppose 2*n + 3*n - 32 = 3*t, -n = 5*t + 16. What is the hundreds digit of (-3 + (-42)/n)*(3 + -13)?
1
Let q(t) = 17*t**2 - 3*t - 4. Suppose -34 = 5*u - 9. Let k(f) = -8*f**2 + f + 2. Let g(c) = u*k(c) - 2*q(c). What is the units digit of g(2)?
4
Suppose 76 + 554 = -7*j. Let l = -13 - j. What is the units digit of l?
7
Let m be ((-2008)/(-6))/4 + (-22)/33. Suppose 3*c - m - 91 = 0. What is the tens digit of c?
5
Suppose 0 = -7*r + 92608 + 12028. What is the units digit of 1 + r/60 + 6/(-45)?
0
Suppose 2*u + 5*a + 30 = 7*u, -5*a = 5*u - 30. Let z(h) = -h**3 + 10*h**2 + 11*h + 8. What is the hundreds digit of z(u)?
2
Let i = 18 - 18. Suppose 2*n - 7*n + 5*v + 110 = i, -3*n = -2*v - 69. What is the tens digit of n?
2
Let g = 23 + -7. Let r be ((-72)/g)/((-2)/(-4)). What is the tens digit of (-135)/r + (-4 - -1)?
1
Suppose 10149 = 5*v + 2*p, -7*v + 11*v = -3*p + 8122. What is the thousands digit of v?
2
Let a(i) = -2*i + 4. Suppose 0*b + 4 = 4*b. Let k be (5/4)/(b/(-4)). What is the units digit of a(k)?
4
Let d be -39 + (1 + -3 - -2 - -3). What is the units digit of (11 - d)/((-2)/(-6))?
1
Suppose 13 = 4*i + 65. Let f = i - -16. Suppose 0 = 2*b - 2*y - 120, -f*b + 90 + 65 = 2*y. What is the units digit of b?
5
Suppose 0 = -3*c + 5*d + 7, -8 = 3*c + c + 2*d. Let a be -4 + c/((-1)/(-1898)). What is the tens digit of 4/(-18) - a/54?
3
Suppose -2*r = -5*r. Let s(d) = d**3 + d**2 + 48. Let t be s(r). Suppose -4*k + n = -20 - 40, t = 2*k + 4*n. What is the units digit of k?
6
Let k = -573 - -965. What is the units digit of 5/(-15) - k/(-6)?
5
Suppose 4*y = 4*k - 18 - 6, 3*k + 2*y + 2 = 0. Suppose -5 = k*x - 25. Suppose 0 = x*h - 11*h + 72. What is the tens digit of h?
7
Let l = 10 + -6. Suppose -l*x - s = 3*s - 436, 0 = -4*s + 4. What is the hundreds digit of x?
1
Suppose 2*b - 496 = -3*o, 2*o = 7*b - 10*b + 739. What is the tens digit of b?
4
Let n(x) = -41*x + 1000. What is the tens digit of n(-4)?
6
Suppose -9 = -5*r + 3*c, 6*c - 18 = -4*r + 3*c. Let w(q) = 12*q + q**2 + 63 - 49 + q**r + 9*q**2 + 3*q**2. What is the tens digit of w(-12)?
1
Suppose -u - 3*j = -4*j - 8, j = 2*u - 12. Suppose -6*k + 9 = -81. Suppose -k = -u*a + 5. What is the units digit of a?
5
Suppose -2748 - 4161 = -7*s. What is the hundreds digit of s?
9
Let h = -26 + 36. What is the tens digit of 7 - h - (-82 + 0)?
7
Suppose -70*n + 54604 = 3*n. What is the hundreds digit of n?
7
Let b be (-1)/(-2) - (-2)/(-4). Suppose 0 = 5*q + 4*p - 183, 5*p - 10 = -b*p. Let u = q - -13. What is the units digit of u?
8
Let u(f) = -2*f + 2. Let x be u(-1). Suppose -x*i - i = -1380. What is the tens digit of i?
7
Let a = -1348 - -1595. What is the hundreds digit of a?
2
Let g(d) = d**3 + 14*d**2 + 11*d - 18. Let s = -45 - -27. Let r be 238/s - 2/(-9). What is the units digit of g(r)?
8
Let b(y) = 9*y**2 + 14*y - 13. What is the tens digit of b(6)?
9
Let p be 15*-1*(-1 + 2). Let c be -2*((-1 - -8) + 0). Let m = c - p. What is the units digit of m?
1
Let g = -324 - -1766. What is the units digit of g?
2
Let b = 2490 - 1398. What is the thousands digit of b?
1
Suppose 11 = -4*u - 5. Let n be 8 - (u + (-24)/(-4)). Suppose -n*g + g + 15 = 0. What is the units digit of g?
3
Let s(o) = o**3 + 2 - 5*o + 18*o**2 - 19*o**2 - 8. Let d(i) = i**3 - i**2 - 5*i - 5. Let p(b) = -4*d(b) + 3*s(b). What is the units digit of p(-3)?
3
What is the hundreds digit of (1 - 4) + 375*(-35)/(-21)?
6
Let v(s) = -s**2 - 19*s - 13. Let u be v(-18). What is the units digit of (5 - 20/u)*163?
3
Suppose 0 = -3*s - 3*p + 2 + 19, -33 = -4*s - 5*p. Suppose -s*t = t + 18. What is the units digit of (-194)/t - 20/15?
1
What is the tens digit of (239/2)/(((-99)/(-162))/11)?
5
Suppose 729 = b - 4*p, -25*b + 28*b - 5*p - 2180 = 0. What is the hundreds digit of b?
7
What is the units digit of 43130/210*15 - (-2)/7?
1
Let w(x) = -6*x + 16. Let d(p) = 6*p - 17. Let s(c) = -2*d(c) - 3*w(c). What is the units digit of s(14)?
0
Let z(u) = 1315*u + 9. What is the tens digit of z(1)?
2
Let u = 2572 - 1235. What is the units digit of u?
7
Suppose 0 = -2*r + 4*b + 2466, 2*r = b + 4*b + 2462. What is the thousands digit of r?
1
Let c(t) = 9*t**3 + 3*t**2 - 6*t + 7. What is the units digit of c(3)?
9
What is the hundreds digit of (-3 - -5) + -1 - -1 - -942?
9
Suppose 4*m = -1 + 33. Suppose -596 = m*x - 1884. What is the tens digit of x?
6
Let t(b) = b**3 - 7*b**2 + 6*b - 3. Let o be t(7). Suppose 2*y = 5*v + 159, 3*y - 246 = -3*v - o. What is the tens digit of y?
7
Let q(i) be the first derivative of 25*i**2/2 + 4*i + 7. Let y(s) = 8*s + 1. Let j(l) = -2*q(l) + 7*y(l). What is the tens digit of j(10)?
5
Let a = -34 + 59. Suppose v = 21 - a. Let q(m) = m**3 + 7*m**2 + 3*m - 8. What is the units digit of q(v)?
8
Let x = -113 + 81. What is the tens digit of x/6*210/(-8)?
4
What is the tens digit of ((-204)/(-170))/(3/3890)?
5
What is the units digit of 2466/2 - (8 